) - 1. Let h = -459 - -456. Let t = h + u. What is the remainder when 54 is divided by t?
10
Suppose -3*v - 21 = -36. Suppose -3*a + v*y + 210 = 0, -4*a + 6*a = 2*y + 140. What is the remainder when a is divided by 8?
6
Let v = -22 + -11. Let m = v - -41. What is the remainder when 23 is divided by m?
7
Let a(c) = 46*c - 2. Let r(w) = 47*w - 2. Let o = -36 + 32. Let j(d) = o*a(d) + 5*r(d). What is the remainder when j(2) is divided by 26?
22
Let k = 50 + -47. Suppose -k*m - n + 27 = -107, 80 = 2*m - 4*n. What is the remainder when m is divided by 17?
10
Let o(c) = c**2 + 22*c - 19. Let s be o(-23). Suppose -5*b + 335 = -5*n, 3*b - s*n + 3*n - 193 = 0. What is the remainder when b is divided by 8?
7
Let j(n) = -n**2 - 3*n + 10. Let f be j(-5). Suppose -t = -2 - f. Suppose -14 = k - 5*b, -t*b + 59 = 4*k + b. Calculate the remainder when 20 is divided by k.
9
Let x be ((30/4)/(-3))/((-1)/2). Suppose 4*q = x*d + 20, 2*q - 9*d = -7*d + 12. Calculate the remainder when 16 is divided by q.
6
Let m(h) = 2*h**3 - 10*h**2 + 14. What is the remainder when 17 is divided by m(5)?
3
Let j(b) = 2*b**2 + 6*b - 9. Suppose -y = 3*g + 3*y - 30, -g - 3*y = -15. Calculate the remainder when j(g) is divided by 17.
14
Let u = 20 + -17. Suppose -2*t + 730 = u*t - 2*o, -5*t - 2*o = -730. What is the remainder when 25 is divided by t/10 - (-9)/(-15)?
11
Suppose 8*w = 4*w + 72. Let r be w*-1*28/(-8). Suppose 6*u + r = 9*u. What is the remainder when 39 is divided by u?
18
Suppose 2*g - 5*m = 4*g - 45, -3*g + 130 = -5*m. Calculate the remainder when g is divided by 14.
7
Suppose d + q - 5 = -3*d, 0 = -2*q - 6. Suppose a = -a + 2*t + 52, -d*a = -4*t - 52. What is the remainder when 48 is divided by a?
22
Suppose 3*m = -2*j + 681, -114 = -4*m - 4*j + 798. Let p(o) = 25*o - 5. What is the remainder when m/4 + (-2)/8 is divided by p(1)?
16
Let r(j) = 6*j**2 - 42*j - 5. Calculate the remainder when r(-3) is divided by 22.
21
Let m = 44 + -26. What is the remainder when m/45 + 508/5 is divided by 35?
32
Suppose 0 = -21*y + 13*y + 2352. What is the remainder when y is divided by 76?
66
Let c = 385 + -347. Calculate the remainder when c is divided by 20.
18
Suppose 4*m = -4*h + 32, h = -4*h - 20. Calculate the remainder when 58 is divided by m.
10
Let y = -750 + 1110. Suppose -9*g = 3*g - y. What is the remainder when g is divided by 17?
13
Let a = -12 - -55. Suppose j + 14 - a = 0. What is the remainder when j is divided by 16?
13
Suppose -3*t = -3*w - 25 - 233, -2*w + 444 = 5*t. Let b = t - 60. Calculate the remainder when 54 is divided by b.
26
Let k(q) = q**3 + 11*q**2 + 8*q + 9. Let c be k(-7). Let w = 98 - c. Let s = 36 - w. What is the remainder when s is divided by 22?
21
Suppose -13*r + 2310 = 8*r. What is the remainder when 271 is divided by r?
51
Suppose 2*b - 3*j = -56 + 162, 4*b + 2*j = 196. Suppose 4*n - 322 - b = 0. Calculate the remainder when n is divided by 19.
17
Let b be (0 - (-2 + 1))*30. Suppose 16*o = 19*o - b. Suppose -g - 5*c + o = 0, 2*g - 15 = g - 4*c. What is the remainder when g is divided by 18?
17
Let s(t) = -t**3 + 30*t**2 + 67*t - 39. Calculate the remainder when 795 is divided by s(32).
54
Calculate the remainder when 161 is divided by 0 + -3 - (-26 + -4).
26
Calculate the remainder when 333 is divided by (56/12)/(14/21).
4
Let g = -3573 - -6642. What is the remainder when g is divided by 128?
125
Calculate the remainder when 108 is divided by 662/15 + (-8)/60.
20
Let s = 602 - 577. Let a = -7 - -14. Suppose 2*i - 5*t = a*i - 65, -4*t + 13 = i. What is the remainder when s is divided by i?
12
Let p = 17 - -31. What is the remainder when p is divided by -35*(-33)/(-22)*20/(-105)?
8
Let m(n) = n**3 + 39*n**2 + 39*n + 58. What is the remainder when 37 - 0/(1 + 1) is divided by m(-38)?
17
Suppose -836 = 14*n - 25*n. Suppose 9 = 4*d - d. Suppose x + 26 = d*x. What is the remainder when n is divided by x?
11
Let f = 1647 + -1609. Calculate the remainder when 1557 is divided by f.
37
Let h(m) = m**2 + 434*m - 2575. Calculate the remainder when h(6) is divided by 2/(-8) + 77/4.
8
Let f(t) = -7*t**3 - 2*t**2 + 1. Let d be f(-1). What is the remainder when 272/12 + 2/d is divided by 6?
5
Let i(h) = h**2 - h - 1. Let l(f) = 2*f**2 + 23*f + 46. Let t(v) = i(v) - l(v). What is the remainder when 140 is divided by t(-19)?
44
Let v(x) = 24*x**2 - 37*x - 13*x**2 - 8*x**2 - 7*x**2 - 5. Suppose -3*m - m + 36 = 0. What is the remainder when m is divided by v(-9)?
1
Let n be 12/(-42) + (-122)/14. Let b be 3/n - 76/(-12). What is the remainder when b/39 - 63/(-13) is divided by 3?
2
Suppose 402 = -5*f + 107. Let s = f + 61. What is the remainder when 10 is divided by s?
0
Suppose 81 = 3*n + 3*g, -18*n + 20*n - 69 = -5*g. Calculate the remainder when 1339 is divided by n.
19
Let h = -239 - -253. Calculate the remainder when 93 is divided by h.
9
Suppose -9*g + 12*g - 51 = 0. Let v = -83 + 132. What is the remainder when v is divided by g?
15
Suppose q - 429 = -4*c, -2*q - 567 = -4*c - 141. Calculate the remainder when 174 is divided by c.
67
Calculate the remainder when 36 is divided by (-14)/5*25/(-10) - -3.
6
Suppose 71 = 5*q + 2*c, 4*c - 14 = -3*q + 23. What is the remainder when 71 is divided by q?
11
Suppose -2*l + 429 = 3*t, 4*l + 5*t - 25 - 832 = 0. Calculate the remainder when l is divided by 101.
11
Suppose 0 = -2*y - 3*d - 0*d - 3, 0 = 3*d + 3. What is the remainder when 28 is divided by (-20 - y)*(-1)/(-5)*-2?
4
Suppose 610 = 5*t + 5*t. What is the remainder when t is divided by (-2)/3 - 29/(-3)?
7
Let b(y) = y**3 - y**2 - 36*y - 32. Let z be b(-5). Let v(h) = 3*h + 1 + 31*h**2 - 1 + 6. What is the remainder when v(z) is divided by 32?
28
What is the remainder when 69 is divided by (35/(-5) + 10)*(1 + 2)?
6
Suppose 2*g + 3*s - 8 = 17, 0 = 2*g - 2*s - 40. What is the remainder when 133 is divided by g?
14
Suppose 265*g - 246*g - 817 = 0. What is the remainder when g is divided by 3 + 14 + 1/(-1)?
11
Let v = 75 + -67. Suppose v*j = 197 + 123. What is the remainder when j is divided by 11?
7
Let k(s) = 6*s + 28. Let a be k(-7). Calculate the remainder when 1*((-886)/(-14) + 4/a) is divided by 23.
17
Let h = 40 - 35. Suppose -4*z = c - 260, -4*z + h*c + 141 = -143. Let m = 67 - 44. Calculate the remainder when z is divided by m.
20
Let a be 281*(-3)/(3/2). Suppose -5*l + l + 56 = 3*b, -2*l + b = -18. Calculate the remainder when 8/(-36) + a/(-18) is divided by l.
9
Suppose -8 = -k - 1. Suppose -s = 5*v - 48 + k, 5*v - 4*s = 61. What is the remainder when v is divided by (30/35)/((-2)/(-7))?
0
Let x(a) = a**2 + 1. Let k(z) = 24*z**2 + 2*z + 4. Let o(g) = k(g) - 5*x(g). What is the remainder when 98 is divided by o(1)?
18
Suppose 11*d - 495 = -4*d. Suppose -825 = -5*z + 5*u, 5*u = -9 - 1. Calculate the remainder when z is divided by d.
31
Suppose 34*z - 19*z - 945 = 0. What is the remainder when z is divided by 17?
12
Suppose -4*p + 2*p - 38 = -2*m, -2*m + 8 = 4*p. What is the remainder when 76 is divided by (-6)/m + (-143)/(-7)?
16
Suppose -321*s + 24 = -318*s. What is the remainder when 64 is divided by s?
0
Suppose -k = -3*j - 22, 6*k - 22 = 5*k + 2*j. What is the remainder when -1*(0 - k) + -5 is divided by 6?
5
Suppose 5*f - s = 20 + 870, 0 = -3*f - 5*s + 534. Suppose -r = 8*r - 324. Calculate the remainder when f is divided by r.
34
Let r = -42 + 54. Suppose 114 = -9*t + r*t. Let i = 49 - 29. Calculate the remainder when t is divided by i.
18
Suppose u + 1 = 3*u - s, 5*u - s - 10 = 0. Suppose -r - u*q + 2 = q, -3*r + 58 = -q. What is the remainder when r is divided by 10?
8
Suppose d = i + 2*d + 211, 3*i + 5*d = -633. Let u = i + 379. What is the remainder when u is divided by 34?
32
What is the remainder when (2 + -307)*1/2*-2 is divided by 22?
19
Let z(y) = -12*y**2 + 79*y + 116. Calculate the remainder when z(7) is divided by 0/(0 - -1) + 14.
11
Calculate the remainder when 80 is divided by 1*-8 + 988/38.
8
Suppose 0 = 3*a + 4*o - 44, 0*a + 4*o = -5*a + 84. Calculate the remainder when 178 is divided by a.
18
Let l = 7 + -20. What is the remainder when (8/12)/((-2)/(-147)) is divided by (-1 - -1 - 1)*l?
10
Calculate the remainder when (-12)/(-6)*(0 - -3 - -148) is divided by 38.
36
Suppose 5*o + 355 = 2*i - 21, 4*i + 5*o = 752. Calculate the remain